7).
-43
Calculate (-11 - 1) + (53 - 46) - 70 - (-4 + -3).
-68
Evaluate 40 + 1 + (38 - (-54 + 83)) + -7.
43
What is the value of 71 + 38 + -72 + -30?
7
Calculate (-70 - -67 - (2 - -6)) + 41.
30
What is 19 - (-21 - -39 - -3 - -18)?
-20
What is 54 - ((-1 - 1) + -9 + 27 + -19)?
57
Calculate (20 - (-3 - -1)) + -11 + -50.
-39
What is (47 + -14 - -4) + -22 - 50?
-35
Evaluate -10 + (-46 - (1 - (4 + (10 - 17 - -10)))).
-50
Evaluate (62 + 177 - 248) + (8 - 1).
-2
What is the value of -930 + 1009 - (1 + 1)?
77
What is 2 + -61 + (-27 + -23 + 36 - -16)?
-57
Calculate -12 - (-1 - (14 - -94 - (-16 + 7 - -17))).
89
What is the value of (106 + -79 - 129) + (-4 + 3 - 5)?
-108
Calculate 38 + -28 + -6 + 30.
34
2 + -2 - -8 - (6 - -15 - 28)
15
Calculate 82 + (-9 - (-21 + 78)).
16
Evaluate (9 + 0 - (40 + -12 + 10)) + 8 + -7.
-28
(-19 + -38 - (-37 - -5)) + 11
-14
Calculate -1 + -33 + (22 + (28 - 23) - 24).
-31
What is (-2 - 2) + -11 + 2 + -145 + 112?
-46
Evaluate -3 + -22 + (93 - -1) + 1 + 11.
81
What is the value of 5 + (5 - 20) + -35 - (2 + -6)?
-41
Evaluate (-1744 - -1654) + (0 - 1 - -24).
-67
Calculate -63 - (-296 + 244) - (-79 + (1 - 2)).
69
What is 71 + -78 + (-9 - -18)?
2
What is 1 - (-6 - 28 - (-17 + 10))?
28
What is 14 + (1 - (12 - -16)) + -3 - (-5 + 74)?
-85
12 - (-17 + 11 + 27 + 4 + -10)
-3
What is (-23 - -68) + 18 + -48?
15
What is the value of 32 + (34 - ((-44 - -21) + 10))?
79
Calculate (-1 - 1) + -32 - (96 + -119 + 13).
-24
Evaluate (-31 + 49 - 19) + -137 + 1 + -19 + 22.
-134
-2 + (-9 - 4 - -18 - (-2 - -2))
3
Calculate (77 + -12 - 64) + (-5 - 23).
-27
Calculate 28 - (33 - (82 + -15)).
62
29 + (-10 - 25) + -1 + -1 + 42
34
180 + -172 - ((23 + 2 - -2) + -2)
-17
Calculate 86 + -33 + -41 + -4 + 64 + 6.
78
-23 + (13 - (78 + -118))
30
93 + -72 - (92 - 42)
-29
What is 75 + -84 + 89 + -72?
8
Evaluate 0 - 5 - (-230 + 111 - -96).
18
Evaluate -109 + 58 - (93 - 92).
-52
Calculate -10 + -2 + -1 - (-11 - (1 - 7)) - -9.
1
What is 44 - 49 - (13 - (-1 - -5 - 5))?
-19
Calculate -1 + -37 + (-5 - -4 - 18) + 17.
-40
Calculate -32 + (30 - 1) - (-29 + 8 - 3).
21
128 - 128 - (-5 + 28 - (-1 + 1))
-23
Evaluate -58 + 50 - ((18 + -9 - 6) + 7).
-18
(21 - 0) + 1 - (-99 + -3 + 46 + 47)
31
Calculate -10 + (-28 + 25 - (4 + 6) - -14).
-9
4 + 9 + -1 - (-17 - -2 - -11)
16
(-14 - (9 - 16) - (-17 + (2 - -2))) + -143
-137
Calculate 3 + -23 + 27 + 18 - 45.
-20
22 - (-27 + 10 + -3) - 21
21
What is the value of -67 + 38 + 32 + -41?
-38
Calculate -5 - (0 + -2 + (67 - 46)).
-24
7 - (84 - 50 - (1 - -11))
-15
Calculate 2 + -8 - 10 - (-196 + 171).
9
Calculate (33 - -27) + -4 + -16 + -4.
36
86 + (-40 - -46) + -35
57
Calculate 6 + 11 + (-30 - -64) - 37.
14
What is -29 + (4 - -2) + (1 - (0 + 9)) - 14?
-45
Calculate -34 - (-83 - -61) - (1 + -20) - 34.
-27
What is 0 + 97 - (-9 + -1 + 55 + (24 - 59))?
87
What is the value of -10 + 57 + -9 + -7 + 7?
38
What is -1 + 10 + (-8 - (-2 - (-13 - -12))) + 16?
18
(443 - 413) + -5 + -14 + -1
10
Evaluate 4 + (-4 - (0 + (5 - -3))) - 62.
-70
(28 - (-3 + 21) - -9) + -57
-38
What is (108 - 44) + (-5 - 19) - (3 - -3)?
34
Calculate 2064 - 2070 - ((1 - 6) + (19 - 5)).
-15
Calculate 3086 + -3098 - ((8 - 2) + 118).
-136
-265 - -260 - (-4 - (-11 - -1) - (73 - 7))
55
What is the value of -17 - 19 - (-411 - -392)?
-17
Evaluate -507 + 522 - (4 - 5 - (44 + 1)).
61
Evaluate 30 + -7 + 3 - (1114 + -1023).
-65
-37 + -20 - -40 - 32
-49
What is -42 + -37 + 111 - (68 + 1)?
-37
What is the value of -9 + -562 + 550 + (-2 + 0 - -5)?
-18
What is 1 - 30 - (-1 + 2) - ((-94 - -240) + -134)?
-42
Calculate -33 - (-13 + 8 - 10) - (-2 + 3).
-19
What is the value of -15 - (-10 - ((-2 - 15) + 14))?
-8
Calculate -24 - (-8 + 37) - -106.
53
(2 - 8 - (221 - 193)) + -13
-47
Evaluate -169 - (-33 + 60 - 152).
-44
What is the value of (1171 - 1163) + (-89 - 2)?
-83
Evaluate -5 - -65 - (90 - 63 - (-8 - -50)).
75
-4 - -13 - (-30 + 0 + 11 - -2)
26
Evaluate (-7 - 41) + (31 - 25) + (-1 + 1 - 8).
-50
What is -28 + (180 - 93) + -90?
-31
Calculate 0 - (46 + -6 + 41 + (-26 - 36)).
-19
Evaluate (1 - 4) + 35 + (-31 - -8) - (8 - -1).
0
What is the value of -21 + -7 + (48 - 28)?
-8
What is (0 - 34 - -20) + -6?
-20
What is the value of -1 - -14 - (2995 + -3014)?
32
(-6 + (-25 + 11 + 5 - -17) - -10) + -50
-38
What is (-13 - (20 + (14 - 21))) + 1?
-25
What is the value of 1 - -16 - (-38 + 112)?
-57
Evaluate (1 - -1) + (-22 - -37) - -12.
29
Calculate -1 + (0 - 31) - (3064 - 3146).
50
What is the value of (2033 - 2039) + 34 + (-4 - -2)?
26
What is the value of -32 + 17 + -3 + 25 - ((-6 - -3) + -1)?
11
-2 + 107 - (-282 - -288 - (4 + -2)) - 4
97
-23 + 9 + (15 - (11 - 7))
-3
23 - -37 - ((-7 + 12 - 17) + -3 + 5)
70
Evaluate -1 + 100 + (14 + -11 - 2) - (3 + -4).
101
What is -1 - -3 - (-17 - -50) - -15?
-16
What is 43 - (88 + -108 + 38 + 1)?
24
Calculate 27 + -19 + 30 + -55.
-17
Evaluate (20 - 14 - 25) + 29 - (23 - -7).
-20
Evaluate -16 - (33 - (-10 + -15) - (-2 - -17)).
-59
Calculate (17 + (-8 - 37) - -19) + 8.
-1
Calculate -8 - (2 + -29 - ((-20 - -11) + -9)).
1
(40 - -2 - (10 - 7)) + -30 + 17
26
What is -94 + -1 - (3 + -7 + 0 - (-219 - -218))?
-92
Evaluate 30 + -80 + 10 + -25.
-65
What is the value of -48 + -4 - (16 + -10 + 10)?
-68
3 + -49 - ((2 - 4) + 47 + -61)
-30
Evaluate (18 - (-5 + 15) - 15) + 12 - -2.
7
104 + -142 + -49 + 72
-15
-109 + 138 + -1 + -103 - (5 + -20)
-60
What is -2 + (15 - 16) + 32 - (3 + -9 + 0)?
35
Evaluate 1 + -64 + 179 + -163 - -4.
-43
Evaluate ((21 - 6) + -2 - 21) + 39.
31
What is the value of -32 - ((-1 + -13 - -11 - -13) + -8) - -9?
-25
What is -13 - (-33 + 22 + -16 + 23)?
-9
((-3 - -13) + 1 - (-55 + 63)) + 27
30
56 - ((-29 - 9) + -6)
100
Calculate -35 + 1 - (-47 - (43 - 81)).
-25
-2 + (-39 - -19 - -4) + 0
-18
Calculate -137 + 160 + 106 - 81.
48
What is the value of -8 + (-17 + 25 - 6) + (2 - -6)?
2
Evaluate 125 + -87 + -38 - (0 - (-2 + 3 - 44)).
-43
What is the value of (41 - 2 - 55) + -3?
-19
Calculate -46 - (11 + -37 - 51).
31
What is the value of (0 - -27) + (-40 - -16) + 37?
40
(-30 - (8 + -3)) + 45 + -28
-18
Evaluate (7150 - 7168) + (1 - -10) + -3 + 1.
-9
What is -6 + (-2 - (-3 + 5)) + (15 - 9 - 1)?
-5
What is -13 - (-10 - (-4 - (55 - ((-5 - -13) + -2))))?
-56
What is (-1 - 24) + (383 + -374 - (11 + 0))?
-27
What is 29 + (-11 - 27) + -20 + (2 - 7)?
-34
6 + 2 + -2 + (11 - -16)
33
What is 45 - (-5 + (-15 - (-3 - 17)))?
45
Calculate 9 + 95 + 8 + 20 + -7 + -25.
100
Evaluate 37 - (-3 + (5 - 29) + 21).
43
What is the value of -28 + (21 - 7) + (-19 - -21)?
-12
What is (0 + -20 - 0) + (-6 - 345) + 364?
-7
Evaluate -149 - (-10 + -131) - -127.
119
What is -5 + (-20 - -12) + -18 - (10 - 0)?
-41
What is the value of -1633 + 1566 + 2 + 121?
56
3 + 1 + (18 - (-3 - (-84 - -28)))
-31
What is the value of 4 - (10 + 131 + (-4 - 27) + 26)?
-132
Calculate (-21 + 4 - -5) + 27 + 40 + -90.
-35
Calculate (15 - 11) + -8 + 2 + 156 + -162.
-8
66 + -30 + -1 + 7 + 1 + -1
42
What is the value of -57 + (-143 - -110) - -73?
-17
What is (-23 + 20 - 4) + (13 - -59 - 8)?
57
What is the value of 6 + (76 + -121 - (4 + -3 + -3 + 14))?
-51
Evaluate -97 + 87 - (-2 - 0 - 38).
30
1096 + -1149 - (2 + 0 - 1)
-54
What is the value of (12 - -1) + (0 - (-7 - -12) - (-18 - 65))?
91
Calculate -2 + 143 + -99 + 311 + -227.
126
Calculate -51 - -42 - (10 - 4 - 61).
46
Calculate (-1 - 43) + (-12 + -42 - 11 - -50).
-59
Calculate -2 + 16 + 114 + -138.
-10
What is -15 + -2 - (6 - 2 - (4 + 6 + 4))?
-7
What is the value of 22 + (9 + -12 + -3 - -1) - -90?
107
Calculate (-202 - -192) + 24 + -24 + (-6 - -2) + 55.
41
Evaluate (-42 - 5 - (9 + 2 + 2)) + -9.
-69
Calculate 3 + 21 - (-37 + 61) - (9 - 25).
16
Calculate 17 - 20 - (7 - (12 + 40)).
42
What is 6 + (34 - 52) - (45 + -53)?
-4
What is (24 - 16 - 55) + 59?
12
Calculate -13 + -3 - -24 - (3 - 88).
93
Evaluate 3 + (-1 - -3) + -120 + 101.
-14
Calculate -6 - (11 - (34 - -7) - 23).
47
What is the value of (36 + -1 - 35) + 6?
6
-40 - (134 - 131) - (30 + 1)
-74
Calculate -1 + 75 + (1 + -24 - -5).
56
(0 - -7) + (179 - 109 - 11)
66
What is 19 - (-11 + -5 - (11 + -4 + -21))?
21
What is (0 - 0) + 8 - (32 + (11 - -41) + -14)?
-62
Calculate 44 + (-77 - (-58 + 35)).
-10
What is the value of 5 + -4 - 2 - (98 - 2 - (-525 - -549))?
-73
What is -12 + 0 + -7 + (-3 - (-7 + -16))?
1
What is the value of 10 + (39 + -7 - 27)